it of 532431250?
4
What is the hundreds digit of 213249721?
7
What is the thousands digit of 17051821?
1
What is the ten millions digit of 390957403?
9
What is the ten thousands digit of 59219449?
1
What is the tens digit of 139993508?
0
What is the hundreds digit of 47678399?
3
What is the hundred millions digit of 335355215?
3
What is the ten millions digit of 424903717?
2
What is the hundreds digit of 1512424665?
6
What is the tens digit of 51424057?
5
What is the thousands digit of 223355352?
5
What is the hundred thousands digit of 7473345654?
3
What is the thousands digit of 655666282?
6
What is the ten millions digit of 35167650?
3
What is the ten millions digit of 33531326?
3
What is the hundred millions digit of 322006642?
3
What is the ten thousands digit of 318878920?
7
What is the thousands digit of 26928631?
8
What is the tens digit of 434183519?
1
What is the units digit of 1466535338?
8
What is the ten millions digit of 4675583376?
7
What is the thousands digit of 46032173?
2
What is the millions digit of 20422753?
0
What is the hundred thousands digit of 999714171?
7
What is the ten thousands digit of 268179363?
7
What is the hundred millions digit of 540537192?
5
What is the hundred thousands digit of 26703531?
7
What is the thousands digit of 3312315504?
5
What is the units digit of 95006922?
2
What is the millions digit of 3089072?
3
What is the hundred millions digit of 4890868682?
8
What is the thousands digit of 317356116?
6
What is the tens digit of 560891?
9
What is the hundred millions digit of 2586370769?
5
What is the thousands digit of 1623049380?
9
What is the hundreds digit of 5926111?
1
What is the ten millions digit of 31819133?
3
What is the units digit of 40595995?
5
What is the millions digit of 299230237?
9
What is the millions digit of 51771260?
1
What is the tens digit of 146460676?
7
What is the tens digit of 324646663?
6
What is the hundreds digit of 75975987?
9
What is the ten thousands digit of 72928435?
2
What is the tens digit of 19646911?
1
What is the millions digit of 1790538931?
0
What is the ten thousands digit of 95632116?
3
What is the hundred thousands digit of 2246352610?
3
What is the ten thousands digit of 189222883?
2
What is the hundred thousands digit of 386966370?
9
What is the millions digit of 196171513?
6
What is the tens digit of 565338080?
8
What is the hundred thousands digit of 51699963?
6
What is the tens digit of 2347170849?
4
What is the millions digit of 572392308?
2
What is the billions digit of 5975704419?
5
What is the tens digit of 1954395983?
8
What is the tens digit of 26431265?
6
What is the billions digit of 1201083800?
1
What is the hundred thousands digit of 623034?
6
What is the hundred millions digit of 1495042457?
4
What is the hundreds digit of 29503503?
5
What is the hundred millions digit of 196782634?
1
What is the units digit of 65406597?
7
What is the thousands digit of 53784721?
4
What is the thousands digit of 38382088?
2
What is the ten thousands digit of 517404089?
0
What is the units digit of 452530895?
5
What is the tens digit of 141525868?
6
What is the hundreds digit of 93567496?
4
What is the units digit of 717535974?
4
What is the millions digit of 1067299478?
7
What is the millions digit of 134774092?
4
What is the hundreds digit of 538867071?
0
What is the ten thousands digit of 2738621586?
2
What is the millions digit of 153698922?
3
What is the millions digit of 990646941?
0
What is the ten millions digit of 73138335?
7
What is the millions digit of 157047844?
7
What is the ten thousands digit of 46194709?
9
What is the hundreds digit of 5811949024?
0
What is the billions digit of 3509076707?
3
What is the millions digit of 99017030?
9
What is the ten thousands digit of 72955660?
5
What is the hundred thousands digit of 3918439080?
4
What is the hundreds digit of 394182537?
5
What is the hundred thousands digit of 376399831?
3
What is the hundreds digit of 75734737?
7
What is the tens digit of 144195864?
6
What is the tens digit of 168263741?
4
What is the ten thousands digit of 74325107?
2
What is the ten thousands digit of 3146614867?
1
What is the millions digit of 113245892?
3
What is the hundred thousands digit of 670123427?
1
What is the thousands digit of 1005076235?
6
What is the hundreds digit of 3484647304?
3
What is the units digit of 235253382?
2
What is the ten thousands digit of 656184943?
8
What is the ten thousands digit of 147165774?
6
What is the thousands digit of 969223985?
3
What is the hundred millions digit of 311685373?
3
What is the units digit of 715477252?
2
What is the thousands digit of 696088695?
8
What is the billions digit of 1895573836?
1
What is the millions digit of 625161483?
5
What is the millions digit of 412039936?
2
What is the hundred thousands digit of 72416564?
4
What is the hundred thousands digit of 1060373228?
3
What is the ten thousands digit of 889907011?
0
What is the thousands digit of 76296990?
6
What is the tens digit of 214752527?
2
What is the hundreds digit of 1866350?
3
What is the thousands digit of 6610820?
0
What is the ten millions digit of 66392982?
6
What is the hundred thousands digit of 208157724?
1
What is the ten millions digit of 81180563?
8
What is the hundred thousands digit of 474152567?
1
What is the millions digit of 524367841?
4
What is the hundreds digit of 300867960?
9
What is the millions digit of 100126103?
0
What is the hundred thousands digit of 741119450?
1
What is the hundred thousands digit of 81325239?
3
What is the ten thousands digit of 150694452?
9
What is the hundred thousands digit of 2678962102?
9
What is the hundred thousands digit of 15182353?
1
What is the hundreds digit of 186294760?
7
What is the thousands digit of 56875873?
5
What is the hundred millions digit of 5869338149?
8
What is the hundred millions digit of 205228659?
2
What is the thousands digit of 181071331?
1
What is the thousands digit of 9370104?
0
What is the hundred millions digit of 1360258174?
3
What is the hundred millions digit of 109289902?
1
What is the ten millions digit of 16761896?
1
What is the billions digit of 2485326751?
2
What is the tens digit of 1665058441?
4
What is the thousands digit of 32542485?
2
What is the hundred thousands digit of 5623279939?
2
What is the ten millions digit of 52224952?
5
What is the thousands digit of 20778197?
8
What is the millions digit of 715592994?
5
What is the ten millions digit of 92446400?
9
What is the ten thousands digit of 1169876739?
7
What is the hundreds digit of 18393121?
1
What is the hundreds digit of 850691962?
9
What is the millions digit of 248137331?
8
What is the tens digit of 74358565?
6
What is the millions digit of 4994051938?
4
What is the units digit of 313717605?
5
What is the ten thousands digit of 42023163?
2
What is the thousands digit of 14241511?
1
What is the ten thousands digit of 24231011?
3
What is the millions digit of 76362467?
6
What is the tens digit of 51736881?
8
What is the tens digit of 160279901?
0
What is the hundreds digit of 51772969?
9
What is the ten thousands digit of 2533964783?
6
What is the tens digit of 67510677?
7
What is the tens digit of 1948986?
8
What is the hundreds digit of 879709853?
8
What is the hundred thousands digit of 126885300?
8
What is the hundred thousands digit of 26072939?
0
What is the ten thousands digit of 1616868754?
6
What is the hundred thousands digit of 83168289?
1
What is the hundred thousands digit of 75761525?
7
What is the ten thousands digit of 564157023?
5
What is the tens digit of 3309495700?
0
What is the ten millions digit of 22856930?
2
What is the hundred thousands digit of 1825856666?
8
What is the hundred millions digit of 336897792?
3
What is the hundreds digit of 1081106172?
1
What is the hundreds digit of 1560565905?
9
What is the units digit of 4368205828?
8
What is the ten millions digit of 127089648?
2
What is the hundreds digit of 83276105?
1
What is the hundred millions digit of 947345594?
9
What is the hundred thousands digit of 182957043?
9
What is the tens digit of 54779612?
1
What is the ten millions digit of 188998183?
8
What is the hundred thousands digit of 324649285?
6
What is the hundred thousands digit of 407999246?
9
What